 -s**2 - 2*s - 3. Let x be l(-2). Let h be 1*x/6*-10. Suppose -h*k = -4*k - 6. List the prime factors of k.
2, 3
Let u(c) = c**2 - 5. Suppose 14 = 4*z + 2*o, -z + 0*o + 11 = -2*o. List the prime factors of u(z).
2, 5
Suppose 0*d - 258 = -d. Let x = d - 158. What are the prime factors of x?
2, 5
Suppose 2*i = 5*i - 54. Let y be (-1 - -7 - 14) + 4. Let z = i - y. What are the prime factors of z?
2, 11
Let h(t) = -t**3 - 22*t**2 - 22*t + 45. What are the prime factors of h(-22)?
23
Let t(k) = 10*k**2 + 23*k + 4. Let z(v) = 3*v**2 + 8*v + 1. Let n be (-2)/4 - 91/14. Let j(s) = n*z(s) + 2*t(s). List the prime factors of j(-5).
2, 13
Suppose 96*o - 235026 = 30*o. What are the prime factors of o?
3, 1187
Let a = 194 - 75. What are the prime factors of (-5)/25*-5 + a?
2, 3, 5
Let v(a) = a**2 + 9*a - 82. What are the prime factors of v(8)?
2, 3
Suppose -5*r - 5*k + 499 = -11, 2*r - 5*k - 239 = 0. List the prime factors of r.
107
Suppose -4*x + d + 664 = 2*d, 0 = 4*x + 5*d - 680. What are the prime factors of x?
3, 5, 11
List the prime factors of ((-135516)/(-184))/(6/8).
2, 491
Suppose 0 = -2*x - 3*x + 325. List the prime factors of x.
5, 13
Let a(x) = 2*x**3. Let l be a(1). Suppose -3*w + q + q = -25, -l*w + q + 16 = 0. What are the prime factors of w?
7
Suppose -4*i = -0*i - 92. Let n = i + -25. List the prime factors of (14/8)/(n/(-8)).
7
Suppose 270 = 38*d - 5924. What are the prime factors of d?
163
Let q(m) = 2*m**2 + 6*m - 15. Let n(x) = -x**2 - 3*x + 7. Let k(g) = -5*n(g) - 2*q(g). List the prime factors of k(-6).
13
Let o(n) = n**2 + 15 - 3*n**2 + 10*n**2 - 5*n + 46*n**3 - 45*n**3. List the prime factors of o(-6).
3, 13
Suppose -357 - 87 = -6*k. Suppose -5*v + 5*h = -80, -h - 64 = -5*v - 0*h. Suppose v = -2*g + k. List the prime factors of g.
31
Let j = -1 - -1. Suppose j = 2*t + 5*y - 36, -107 = -4*t - t - 4*y. Suppose 3*w - 85 = -4*f, -w + t = 5*f - 20. What are the prime factors of w?
23
Let r(s) = s**2 + 11*s - 9. Let m(x) = -2*x**2 - 10*x + 9. Let z(w) = 3*m(w) + 4*r(w). What are the prime factors of z(5)?
11
What are the prime factors of (-5)/2*(-45526)/65?
17, 103
List the prime factors of -2155*(-3)/15 - 4.
7, 61
Suppose 9*b + b - 11780 = 0. What are the prime factors of b?
2, 19, 31
Let z(m) be the second derivative of -m**3/6 + 7*m**2 - m. Let u be z(11). Suppose -f + 10 = 2*a, -3*a = a - u*f - 10. List the prime factors of a.
2
Suppose -t + 3 = -0*t. Suppose -2*k + 216 = t*i, -4*i - k + 206 = -87. What are the prime factors of i?
2, 37
Let v = -782 + 1144. Let f = v - 192. What are the prime factors of f?
2, 5, 17
Let s(y) = -y**3 - 2*y**2 + 15*y + 9. What are the prime factors of s(-6)?
3, 7
Let p = 54 - -5. Let a = p - 21. List the prime factors of a.
2, 19
Suppose -13*u = -17*u + 8. Suppose u*z = n + 29, 5*z - 65 - 15 = 5*n. What are the prime factors of z?
13
Suppose -3*t + 0*t = 3. What are the prime factors of 322/9 + t - 2/(-9)?
5, 7
Let c be (-35)/(-10)*(4 - 6). Let n = c - -11. What are the prime factors of (-1)/n - (-1809)/36?
2, 5
Suppose -35*n + 49857 + 753 = 0. What are the prime factors of n?
2, 3, 241
Let a(d) = 60*d - 12. Suppose 5*k = 2*k + 6. Let w(l) = 15*l - 3. Let f(c) = k*a(c) - 9*w(c). What are the prime factors of f(-3)?
2, 3
Suppose -84 = -4*t + 5*q, -76 = -2*t - 3*t - q. List the prime factors of 1687/56 - -2 - 2/t.
2
Let f(l) = 2*l**2 + 20*l - 108. What are the prime factors of f(-31)?
2, 3, 199
Let m be 3/(-1) + -169 - -2. Let l = 252 + m. List the prime factors of l.
2, 41
Let w be (2/(-2) + -1)*5. Let i = 10 + w. Suppose i = -6*g + 8*g - 8. List the prime factors of g.
2
Let g be 1258/(-170) + (-4)/(-10). Let t(a) = a**2 + 23 + 1 - a - 1. What are the prime factors of t(g)?
79
Suppose 0 = u - 4*x - 10, -u - x = -0*x - 5. Let n(q) = -q**2 + 9*q - 11. What are the prime factors of n(u)?
7
Suppose 2*j + 4412 = 2*q, 6*q - 5*q = -2*j + 2200. Suppose -5*z + 5*f - 3655 = 0, 2*z - 751 = -f - q. What are the prime factors of (-6)/(-10) - z/70?
11
List the prime factors of (33/(-9) - 0 - -3)*-1542.
2, 257
Suppose q - 4 = b + 1, 0 = 3*q - 5*b - 25. Suppose q = 21*d - 22*d + 47. List the prime factors of d.
47
Let n(q) = q**3 + q**2 - 10*q - 3. Let u be (-12)/(-14)*(-112)/(-16). List the prime factors of n(u).
3, 7
Let m(h) = -2*h**2 + h**2 + 7 + 6*h + 2*h**2. Let g be m(-5). Suppose -5*c + 68 = -g*d, -3*d + 3 = -5*c + 75. What are the prime factors of c?
2, 3
Let k(z) = -z**2 - 3*z - 2. Let f be k(-2). Suppose f = -2*v - 2 + 8, -v = -3*o - 15. What are the prime factors of ((-6)/o)/(3/4)?
2
Let i(n) = -n**3 - 8*n**2 - 5 + 5 + 3 + 2*n**3. Let d be i(8). Suppose d*z - 17 = 2*z. List the prime factors of z.
17
Let k(v) = -v - 4. Let z(h) = h**3 - 6*h**2 + 4*h - 4. Let d be z(5). Let l be k(d). Suppose i = 5*w - 19, -5*w + l*i + 20 = -15. List the prime factors of w.
3
What are the prime factors of ((-334)/(-4))/((-13)/(-13 - 169))?
7, 167
Suppose 0 = -126*f + 122*f + 2164. List the prime factors of f.
541
Let b = 13 + -32. Let y = 28 + b. List the prime factors of 3/y - (-124)/6.
3, 7
Suppose 3 = 4*t - p - 10, -4*t + 4 = -4*p. Suppose t*d = d - 6. List the prime factors of (-395)/(-10) - 1/d.
2, 5
Let q = 746 + -362. What are the prime factors of q?
2, 3
Let v(h) = 3*h + 31. Let b be v(0). Suppose b*i + 328 = 33*i. What are the prime factors of i?
2, 41
Suppose -j - k = -0*j + 1, -5*j - 2*k = -4. Suppose -2*i + 129 = -0*f - 3*f, j*i + f = 133. What are the prime factors of i?
2, 3, 11
Let z = -61 - -64. Suppose -4*t + 637 = -z*f, 109 + 36 = t + 4*f. List the prime factors of t.
157
Let i(r) = -r + 3. Let w be i(-23). Suppose 21*z - w*z + 465 = 0. What are the prime factors of z?
3, 31
What are the prime factors of -14 + 1065 + (-1 - -5)?
5, 211
Let k = 141 + -42. What are the prime factors of (-2)/(6/(-9)) + k?
2, 3, 17
Suppose -2*c + 3*x = 3*c - 425, 5*x - 25 = 0. What are the prime factors of c?
2, 11
Suppose -2*k + 54 = -11*k. Let s(v) = -29*v + 34. List the prime factors of s(k).
2, 13
Suppose 0 = 2*l + 4*y - 256 - 92, 3*l = y + 522. What are the prime factors of 3/(((-2)/l)/(50/(-45)))?
2, 5, 29
Let h be 9 + -13 + (8 - 0). Let s be (h/(-10))/(9/(-270)). What are the prime factors of 4/(-24) + 350/s?
29
Suppose -153*w = -150*w - 2250. What are the prime factors of w?
2, 3, 5
Suppose 0*n - 3*d = 2*n + 5, -2*d = 6. Suppose 0 = -n*h + 33 + 1. List the prime factors of h.
17
Suppose -3*p - 3*z = -1118 - 253, -2*p - 5*z = -914. What are the prime factors of p?
457
Suppose -11*r + r + 16340 = 0. List the prime factors of r.
2, 19, 43
Suppose -2063 = -5*z - 3*y + 375, -5*z = 4*y - 2434. Let m = 177 - z. List the prime factors of (-24)/(-108) + m/(-9).
5, 7
Suppose -a + 11 + 17 = 0. Let j = -24 + a. List the prime factors of j.
2
Let n(m) = 171*m - 166. List the prime factors of n(4).
2, 7, 37
Suppose 0 = 2*p - 14 + 6. Suppose 5*g - 200 = 5*l, 2*g - 2*l + p*l = 72. List the prime factors of g.
2, 19
Let t = -69 + 137. Suppose -l = -t - 26. What are the prime factors of l?
2, 47
Suppose b - 92 = -b. Suppose -b = -2*y - 2. Suppose 2*k + y = 3*k. List the prime factors of k.
2, 11
Suppose 2*x - 6828 = -h, -5*h = -3*x + 5424 + 4805. List the prime factors of x.
3413
List the prime factors of 28/(-8)*13384/(-49).
2, 239
Suppose 0 = -14*q + 7*q + 14. Suppose 0 = d - 2 - 4. List the prime factors of d/(q/56*6).
2, 7
List the prime factors of ((-1282)/(-6))/((-15)/(-135)).
3, 641
Let t be -11 + 8/(-4 - -2). Let u(x) = -10*x + 3. Let p be u(t). Suppose 12*q - 9*q = p. List the prime factors of q.
3, 17
Suppose -936 = j - 1561. What are the prime factors of j?
5
Let p(g) = -g**2 - 3*g + 1. Let z be p(-2). Let r be 4*1 - (z + -2). Suppose -3*u = r*u - 150. List the prime factors of u.
5
List the prime factors of 6/(2 + (-25)/(-23) - 3).
3, 23
Let w = -47 - -50. Suppose w*d - 561 = -4*v + 548, -4*v - 5*d = -1099. List the prime factors of v.
281
Let d = 7507 - 5031. What are the prime factors of d?
2, 619
Suppose -l + 6 = l. Suppose 0 = -l*k + 2*k. Let o = 4 - k. List the prime factors of o.
2
Let a be -3*2/7*7. Let g = 2 + a. What are the prime factors of 1*11 + g + 1?
2
Let x(p) = 0*p - 2 + 0*p - 3*p. Let m = -10 - -5. What are the prime factors of x(m)?
13
Suppose 0 = 5*j - 4*z - 260, 4*j + 32 = 3*z + 240. List the prime fac